ba (base 13) in base 16?
69f275
What is -8a40f1 (base 16) in base 15?
-bde948
-11985a5 (base 12) to base 16
-346e4d
Convert -33646566 (base 8) to base 15.
-991436
What is 21512505 (base 6) in base 13?
19883c
Convert 339137 (base 12) to base 13.
22b349
What is -3c8b50 (base 14) in base 15?
-2b6c47
-2cc39 (base 13) to base 8
-247072
Convert 130214142 (base 5) to base 7.
5242540
What is 11010010001111110001 (base 2) in base 8?
3221761
525346 (base 7) to base 15
1bd3d
Convert -18a8ba (base 14) to base 15.
-1240d4
-11188278 (base 9) to base 10
-5432012
Convert -202300233 (base 4) to base 16.
-22c2f
What is -1100111010000100011000 (base 2) in base 14?
-641120
What is 101101010101001101100000 (base 2) in base 9?
24321813
Convert -356117 (base 8) to base 7.
-1015332
What is -41433 (base 6) in base 13?
-26c1
-64007 (base 10) to base 3
-10020210122
-431131 (base 5) to base 16
-38cd
What is -23300000220 (base 4) in base 8?
-13600050
Convert 110110100101111101011001 (base 2) to base 13.
2c70ccc
Convert 118276 (base 10) to base 5.
12241101
-2490bb (base 12) to base 10
-596303
1d22 (base 15) to base 9
8615
What is -12220022111 (base 3) in base 5?
-12204030
What is 242912 (base 10) in base 2?
111011010011100000
What is -110101000100001000 (base 2) in base 3?
-102001011002
Convert -122330013230 (base 4) to base 9.
-14253212
What is -22224113 (base 7) in base 12?
-78849b
Convert 114c9 (base 15) to base 8.
153461
What is -111004420 (base 6) in base 14?
-3a36d6
What is -5012450 (base 6) in base 4?
-321122232
Convert 6ca73 (base 13) to base 5.
22341024
5a2a (base 14) to base 11
1089a
Convert -1111011111011011 (base 2) to base 11.
-43743
What is 51403332 (base 6) in base 7?
15364445
10904 (base 15) to base 6
1043434
What is -11111230 (base 4) in base 7?
-120520
What is 11131140 (base 7) in base 9?
1731523
Convert 3da7dc (base 15) to base 7.
34155042
-413505143 (base 6) to base 13
-164448c
Convert 2873418 (base 9) to base 3.
2222110110122
476814 (base 10) to base 8
1643216
Convert -359172 (base 15) to base 3.
-11211011100022
-10014214 (base 6) to base 16
-44e42
What is -101678 (base 13) in base 7?
-3120065
1617a (base 15) to base 5
4234330
What is -273001 (base 8) in base 6?
-2015133
Convert -26023031 (base 7) to base 13.
-647879
Convert -884a7 (base 13) to base 11.
-159534
Convert 1995cb (base 15) to base 4.
10300113203
101010100000110100100 (base 2) to base 12
572204
What is -90269 (base 10) in base 16?
-1609d
3399060 (base 12) to base 6
552200200
Convert 320344023 (base 5) to base 4.
11013101201
Convert 922cc2 (base 13) to base 16.
33f61b
1245205 (base 6) to base 15
1549e
Convert -563b7 (base 14) to base 9.
-348077
What is -100021212202202 (base 3) in base 9?
-10255682
What is -2b4454 (base 12) in base 8?
-2630200
415615 (base 7) to base 3
10122021201
What is -1590477 (base 12) in base 10?
-4417435
Convert -302311301 (base 4) to base 10.
-208241
What is -3b736 (base 15) in base 8?
-564242
3a09277 (base 12) to base 13
24b428c
Convert 164531156 (base 7) to base 16.
abf0e6
What is 254001332 (base 7) in base 15?
1635c6b
What is -8136c (base 13) in base 12?
-b1a16
-68177 (base 10) to base 15
-15302
-274121 (base 8) to base 7
-550603
Convert 114331122 (base 5) to base 15.
aabc7
Convert -11e85b (base 15) to base 7.
-10205525
What is 1210003040 (base 5) in base 10?
2812895
Convert -42144115 (base 7) to base 5.
-1402313224
Convert -cd021 (base 16) to base 13.
-235294
12011142 (base 6) to base 14
9a850
-167952c (base 14) to base 16
-a8a064
What is -71b0a1 (base 12) in base 13?
-4a4c70
Convert -50548 (base 13) to base 12.
-6b1ba
What is -2021210122 (base 3) in base 8?
-127775
What is 22002111122 (base 3) in base 9?
262448
5693e (base 16) to base 14
93342
What is 1196847 (base 10) in base 5?
301244342
What is 462077 (base 9) in base 3?
112002002121
What is 101100110010110010 (base 2) in base 7?
1362624
30065012 (base 7) to base 15
341c3e
Convert -1a21c04 (base 13) to base 3.
-121011222110220
Convert 11011111101110011010 (base 2) to base 16.
dfb9a
What is -31311130 (base 4) in base 6?
-1114204
What is -360475 (base 16) in base 3?
-20122212002021
What is 13426610 (base 7) in base 16?
13163f
Convert -111111110001 (base 2) to base 15.
-1321
What is 30374343 (base 8) in base 11?
3695a77
Convert 23351150 (base 8) to base 14.
96a916
-513633 (base 8) to base 2
-101001011110011011
Convert 1b93d2 (base 16) to base 3.
10101211011120
What is -2402233 (base 5) in base 14?
-120ba
What is 43704 (base 13) in base 16?
1dca6
Convert -14626303 (base 8) to base 15.
-463ab5
-244880 (base 11) to base 16
-5e7e6
Convert 1255751 (base 10) to base 6.
42525355
What is -13442400 (base 6) in base 12?
-1a0400
-1340213 (base 7) to base 8
-533166
What is -10020021011 (base 3) in base 13?
-22c57
-2443203 (base 6) to base 12
-63503
What is -1101101010000001000100 (base 2) in base 14?
-692924
1454324 (base 8) to base 14
ab832
Convert -4461430 (base 9) to base 12.
-97a346
13311231 (base 5) to base 6
2521515
230343113 (base 5) to base 6
34010500
What is 112221200011 (base 3) in base 2?
1000111110110000101
Convert -250213 (base 6) to base 16.
-5661
What is -4244171 (base 9) in base 8?
-10527617
Convert 113020121010 (base 4) to base 10.
6063684
Convert -10011111110110111 (base 2) to base 5.
-10104342
What is -6322334 (base 7) in base 8?
-2720167
Convert 1201b5a (base 15) to base 16.
c5126e
Convert -2513266 (base 8) to base 13.
-1b3b22
Convert -7200082 (base 9) to base 16.
-3a9133
What is c1b2 (base 16) in base 15?
ea5b
-422212043 (base 5) to base 6
-101354540
What is 3452400 (base 6) in base 5?
21200003
Convert -512042 (base 12) to base 11.
-796a73
What is -502b2 (base 14) in base 15?
-3c11d
-19119 (base 10) to base 11
-13401
504500 (base 9) to base 16
48e46
What is 2648371 (base 9) in base 11?
900091
11001110011000111110 (base 2) to base 12
34927a
What is -10301353 (base 6) in base 7?
-2403123
-356ae5 (base 16) to base 8
-15265345
What is 110303222 (base 5) in base 12?
1b0b42
What is 613640 (base 7) in base 14?
2a190
-133203232 (base 6) to base 3
-12000221100102
Convert 11020010021 (base 4) to base 8.
5100411
-3741815 (base 9) to base 13
-563528
256372 (base 12) to base 3
1011002211012
What is -154612 (base 8) in base 3?
-2211101121
Convert -a969 (base 16) to base 6.
-532441
Convert 7ac2 (base 16) to base 4.
13223002
Convert 102310031121 (base 4) to base 16.
4b4359
Convert -120576b (base 12) to base 9.
-6514012
Convert 12033101200 (base 4) to base 10.
1635424
What is 10084644 (base 9) in base 13?
1005670
Convert 2429a6 (base 12) to base 5.
122213421
What is 100100001000001000 (base 2) in base 10?
147976
-36033 (base 7) to base 5
-244120
Convert -121330310031 (base 4) to base 6.
-401445553
-3431232 (base 6) to base 14
-47c32
What is 1147141 (base 12) in base 11?
1974a08
What is 380704 (base 11) in base 9?
1115534
-25683b6 (base 13) to base 2
-101100101000010111100001
What is 8632128 (base 9) in base 8?
21515176
11001111111011000100101 (base 2) to base 12
2346a05
-194bdc (base 15) to base 10
-1231182
Convert -435763 (base 13) to base 14.
-2d2d0c
Convert 2345d (base 15) to base 14.
2cd3d
2372998 (base 10) to base 8
11032606
-2257573 (base 9) to base 5
-303004414
Convert -103605201 (base 7) to base 6.
-341154100
What is -12002202211 (base 3) in base 2?
-11000100001010011
What is 100011110101010010110 (base 2) in base 12?
4875b2
What is 1454340 (base 6) in base 14?
230c4
What is 1b58b9 (base 12) in base 3?
220201211220
-3570404 (base 8) to base 3
-1211202012211
Convert -4123530 (base 7) to base 9.
-831853
-1055103 (base 6) to base 3
-2202102110
What is 26888 (base 10) in base 14?
9b28
Convert 22200021221 (base 3) to base 2.
101001101100110000
-821889 (base 10) to base 7
-6662115
What is 425c (base 14) in base 9?
16632
Convert -780833 (base 9) to base 8.
-1617115
Convert 2050b (base 12) to base 9.
63802
Convert 1048762 (base 12) to base 6.
150033002
Convert -45260522 (base 7) to base 3.
-21101200220102
Convert -628686 (base 10) to base 8.
-2313716
4152600 (base 10) to base 2
1111110101110100011000
What is 14313351 (base 6) in base 3?
220222212011
What is -632302 (base 8) in base 4?
-303103002
Convert 16874110 (base 9) to base 7.
132121521
2ba749 (base 12) to base 6
23540533
Convert 13023002 (base 5) to base 9.
2